{"id":69,"date":"2020-01-27T08:05:29","date_gmt":"2020-01-27T08:05:29","guid":{"rendered":"https:\/\/demosites.io\/web-agency-gb\/?page_id=69"},"modified":"2026-05-09T14:16:13","modified_gmt":"2026-05-09T12:16:13","slug":"wybierz-warsztat","status":"publish","type":"page","link":"https:\/\/martynacraft.com\/index.php\/wybierz-warsztat\/","title":{"rendered":"Wybierz warsztat"},"content":{"rendered":"\t\t<div data-elementor-type=\"wp-page\" data-elementor-id=\"69\" class=\"elementor elementor-69\">\n\t\t\t\t<div class=\"elementor-element elementor-element-8676de9 e-flex e-con-boxed e-con e-parent\" data-id=\"8676de9\" data-element_type=\"container\" data-e-type=\"container\" data-settings=\"{&quot;background_background&quot;:&quot;classic&quot;}\">\n\t\t\t\t\t<div class=\"e-con-inner\">\n\t\t\t\t<div class=\"elementor-element elementor-element-8f432ae elementor-widget__width-inherit elementor-widget elementor-widget-heading\" data-id=\"8f432ae\" data-element_type=\"widget\" data-e-type=\"widget\" data-widget_type=\"heading.default\">\n\t\t\t\t<div class=\"elementor-widget-container\">\n\t\t\t\t\t<h1 class=\"elementor-heading-title elementor-size-default\">Wybierz warsztat r\u0119kodzielniczy<\/h1>\t\t\t\t<\/div>\n\t\t\t\t<\/div>\n\t\t\t\t\t<\/div>\n\t\t\t\t<\/div>\n\t\t<div class=\"elementor-element elementor-element-70c6140 e-flex e-con-boxed e-con e-parent\" data-id=\"70c6140\" data-element_type=\"container\" data-e-type=\"container\">\n\t\t\t\t\t<div class=\"e-con-inner\">\n\t\t<div class=\"elementor-element elementor-element-5374486 e-con-full e-flex e-con e-child\" data-id=\"5374486\" data-element_type=\"container\" data-e-type=\"container\">\n\t\t\t\t<div class=\"elementor-element elementor-element-0feb4f8 elementor-position-top elementor-widget elementor-widget-image-box\" data-id=\"0feb4f8\" data-element_type=\"widget\" data-e-type=\"widget\" data-widget_type=\"image-box.default\">\n\t\t\t\t<div class=\"elementor-widget-container\">\n\t\t\t\t\t<div class=\"elementor-image-box-wrapper\"><figure class=\"elementor-image-box-img\"><a href=\"https:\/\/martynacraft.com\/index.php\/warsztaty-z-makramy\/\" tabindex=\"-1\"><img fetchpriority=\"high\" decoding=\"async\" width=\"768\" height=\"614\" src=\"https:\/\/martynacraft.com\/wp-content\/uploads\/2024\/02\/1709142789044-768x614.jpg\" class=\"attachment-medium_large size-medium_large wp-image-1106\" alt=\"\" srcset=\"https:\/\/martynacraft.com\/wp-content\/uploads\/2024\/02\/1709142789044-768x614.jpg 768w, https:\/\/martynacraft.com\/wp-content\/uploads\/2024\/02\/1709142789044-300x240.jpg 300w, https:\/\/martynacraft.com\/wp-content\/uploads\/2024\/02\/1709142789044-1024x819.jpg 1024w, https:\/\/martynacraft.com\/wp-content\/uploads\/2024\/02\/1709142789044-1536x1229.jpg 1536w, https:\/\/martynacraft.com\/wp-content\/uploads\/2024\/02\/1709142789044-2048x1638.jpg 2048w\" sizes=\"(max-width: 768px) 100vw, 768px\" \/><\/a><\/figure><div class=\"elementor-image-box-content\"><h2 class=\"elementor-image-box-title\"><a href=\"https:\/\/martynacraft.com\/index.php\/warsztaty-z-makramy\/\">Warsztaty z Makramy<\/a><\/h2><p class=\"elementor-image-box-description\">Dedykowane dla grup do 16 os\u00f3b. W trakcie warsztat\u00f3w poznajemy w\u0119z\u0142y oraz tworzymy wybrany projekt. Czas trwania w zale\u017cno\u015bci od projektu 1,5 - 4 h.<\/p><\/div><\/div>\t\t\t\t<\/div>\n\t\t\t\t<\/div>\n\t\t\t\t<\/div>\n\t\t<div class=\"elementor-element elementor-element-cb0737d e-con-full e-flex e-con e-child\" data-id=\"cb0737d\" data-element_type=\"container\" data-e-type=\"container\">\n\t\t\t\t<div class=\"elementor-element elementor-element-9863214 elementor-position-top elementor-widget elementor-widget-image-box\" data-id=\"9863214\" data-element_type=\"widget\" data-e-type=\"widget\" data-widget_type=\"image-box.default\">\n\t\t\t\t<div class=\"elementor-widget-container\">\n\t\t\t\t\t<div class=\"elementor-image-box-wrapper\"><figure class=\"elementor-image-box-img\"><a href=\"https:\/\/martynacraft.com\/index.php\/warsztaty-z-filcowania\/\" tabindex=\"-1\"><img decoding=\"async\" width=\"768\" height=\"615\" src=\"https:\/\/martynacraft.com\/wp-content\/uploads\/2024\/02\/4_5filc-768x615.jpg\" class=\"attachment-medium_large size-medium_large wp-image-1098\" alt=\"Warsztaty z filcowania. Ptaszek gil z filcu.\" srcset=\"https:\/\/martynacraft.com\/wp-content\/uploads\/2024\/02\/4_5filc-768x615.jpg 768w, https:\/\/martynacraft.com\/wp-content\/uploads\/2024\/02\/4_5filc-300x240.jpg 300w, https:\/\/martynacraft.com\/wp-content\/uploads\/2024\/02\/4_5filc-1024x820.jpg 1024w, https:\/\/martynacraft.com\/wp-content\/uploads\/2024\/02\/4_5filc-1536x1229.jpg 1536w, https:\/\/martynacraft.com\/wp-content\/uploads\/2024\/02\/4_5filc-2048x1639.jpg 2048w\" sizes=\"(max-width: 768px) 100vw, 768px\" \/><\/a><\/figure><div class=\"elementor-image-box-content\"><h2 class=\"elementor-image-box-title\"><a href=\"https:\/\/martynacraft.com\/index.php\/warsztaty-z-filcowania\/\">Warsztaty z Filcowania<\/a><\/h2><p class=\"elementor-image-box-description\">Dedykowane dla grup do 16 os\u00f3b. W trakcie zaj\u0119\u0107 uczymy si\u0119 obchodzi\u0107 z filcem, narz\u0119dziami i tworzymy w\u0142asny projekt. Czas trwania w zale\u017cno\u015bci od projektu 2 - 3 h.<\/p><\/div><\/div>\t\t\t\t<\/div>\n\t\t\t\t<\/div>\n\t\t\t\t<\/div>\n\t\t<div class=\"elementor-element elementor-element-f0fdb2d e-con-full e-flex e-con e-child\" data-id=\"f0fdb2d\" data-element_type=\"container\" data-e-type=\"container\">\n\t\t\t\t<div class=\"elementor-element elementor-element-c51201f elementor-position-top elementor-widget elementor-widget-image-box\" data-id=\"c51201f\" data-element_type=\"widget\" data-e-type=\"widget\" data-widget_type=\"image-box.default\">\n\t\t\t\t<div class=\"elementor-widget-container\">\n\t\t\t\t\t<div class=\"elementor-image-box-wrapper\"><figure class=\"elementor-image-box-img\"><a href=\"https:\/\/martynacraft.com\/index.php\/warsztaty-eko-rekodzielnicze\/\" tabindex=\"-1\"><img decoding=\"async\" width=\"768\" height=\"614\" src=\"https:\/\/martynacraft.com\/wp-content\/uploads\/2026\/05\/eko-1-mc-4_5-768x614.jpg\" class=\"attachment-medium_large size-medium_large wp-image-3815\" alt=\"\" srcset=\"https:\/\/martynacraft.com\/wp-content\/uploads\/2026\/05\/eko-1-mc-4_5-768x614.jpg 768w, https:\/\/martynacraft.com\/wp-content\/uploads\/2026\/05\/eko-1-mc-4_5-300x240.jpg 300w, https:\/\/martynacraft.com\/wp-content\/uploads\/2026\/05\/eko-1-mc-4_5.jpg 920w\" sizes=\"(max-width: 768px) 100vw, 768px\" \/><\/a><\/figure><div class=\"elementor-image-box-content\"><h2 class=\"elementor-image-box-title\"><a href=\"https:\/\/martynacraft.com\/index.php\/warsztaty-eko-rekodzielnicze\/\">Warsztaty Eko - r\u0119kodzielnicze<\/a><\/h2><p class=\"elementor-image-box-description\">Dedykowane dla grup do 16 os\u00f3b. W trakcie warsztat\u00f3w  uczymy si\u0119 jak mo\u017cna przerobi\u0107 co\u015b niepotrzebnego w now\u0105 u\u017cyteczn\u0105 rzecz. Czas trwania w zale\u017cno\u015bci od projektu 1,5 - 3 h.<\/p><\/div><\/div>\t\t\t\t<\/div>\n\t\t\t\t<\/div>\n\t\t\t\t<\/div>\n\t\t<div class=\"elementor-element elementor-element-b96840a e-con-full e-flex e-con e-child\" data-id=\"b96840a\" data-element_type=\"container\" data-e-type=\"container\">\n\t\t\t\t<div class=\"elementor-element elementor-element-772441c elementor-position-top elementor-widget elementor-widget-image-box\" data-id=\"772441c\" data-element_type=\"widget\" data-e-type=\"widget\" data-widget_type=\"image-box.default\">\n\t\t\t\t<div class=\"elementor-widget-container\">\n\t\t\t\t\t<div class=\"elementor-image-box-wrapper\"><figure class=\"elementor-image-box-img\"><a href=\"https:\/\/martynacraft.com\/index.php\/warsztaty-z-akwareli\/\" tabindex=\"-1\"><img loading=\"lazy\" decoding=\"async\" width=\"768\" height=\"615\" src=\"https:\/\/martynacraft.com\/wp-content\/uploads\/2024\/02\/4_5akwarele-768x615.jpg\" class=\"attachment-medium_large size-medium_large wp-image-976\" alt=\"Warsztaty z akwareli. Ga\u0142\u0105zka cytryny namalowana akwarelami\" srcset=\"https:\/\/martynacraft.com\/wp-content\/uploads\/2024\/02\/4_5akwarele-768x615.jpg 768w, https:\/\/martynacraft.com\/wp-content\/uploads\/2024\/02\/4_5akwarele-300x240.jpg 300w, https:\/\/martynacraft.com\/wp-content\/uploads\/2024\/02\/4_5akwarele-1024x820.jpg 1024w, https:\/\/martynacraft.com\/wp-content\/uploads\/2024\/02\/4_5akwarele-1536x1230.jpg 1536w, https:\/\/martynacraft.com\/wp-content\/uploads\/2024\/02\/4_5akwarele-2048x1639.jpg 2048w\" sizes=\"(max-width: 768px) 100vw, 768px\" \/><\/a><\/figure><div class=\"elementor-image-box-content\"><h2 class=\"elementor-image-box-title\"><a href=\"https:\/\/martynacraft.com\/index.php\/warsztaty-z-akwareli\/\">Warsztaty z Akwareli<\/a><\/h2><p class=\"elementor-image-box-description\">Dedykowane dla grup do 12 os\u00f3b. W trakcie warsztat\u00f3w uczymy si\u0119 pos\u0142ugiwa\u0107 akwarelami i malujemy w\u0142asny projekt. Czas trwania w zale\u017cno\u015bci od projektu 1,5 - 3 h.<\/p><\/div><\/div>\t\t\t\t<\/div>\n\t\t\t\t<\/div>\n\t\t\t\t<\/div>\n\t\t<div class=\"elementor-element elementor-element-dfe9a5c e-con-full e-flex e-con e-child\" data-id=\"dfe9a5c\" data-element_type=\"container\" data-e-type=\"container\">\n\t\t\t\t<div class=\"elementor-element elementor-element-765030c elementor-position-top elementor-widget elementor-widget-image-box\" data-id=\"765030c\" data-element_type=\"widget\" data-e-type=\"widget\" data-widget_type=\"image-box.default\">\n\t\t\t\t<div class=\"elementor-widget-container\">\n\t\t\t\t\t<div class=\"elementor-image-box-wrapper\"><figure class=\"elementor-image-box-img\"><a href=\"https:\/\/martynacraft.com\/index.php\/warsztaty-eventowe\/\" tabindex=\"-1\"><img loading=\"lazy\" decoding=\"async\" width=\"768\" height=\"614\" src=\"https:\/\/martynacraft.com\/wp-content\/uploads\/2024\/02\/1709142789015-768x614.jpg\" class=\"attachment-medium_large size-medium_large wp-image-1107\" alt=\"\" srcset=\"https:\/\/martynacraft.com\/wp-content\/uploads\/2024\/02\/1709142789015-768x614.jpg 768w, https:\/\/martynacraft.com\/wp-content\/uploads\/2024\/02\/1709142789015-300x240.jpg 300w, https:\/\/martynacraft.com\/wp-content\/uploads\/2024\/02\/1709142789015-1024x819.jpg 1024w, https:\/\/martynacraft.com\/wp-content\/uploads\/2024\/02\/1709142789015-1536x1229.jpg 1536w, https:\/\/martynacraft.com\/wp-content\/uploads\/2024\/02\/1709142789015-2048x1639.jpg 2048w\" sizes=\"(max-width: 768px) 100vw, 768px\" \/><\/a><\/figure><div class=\"elementor-image-box-content\"><h2 class=\"elementor-image-box-title\"><a href=\"https:\/\/martynacraft.com\/index.php\/warsztaty-eventowe\/\">Warsztaty Eventowe<\/a><\/h2><p class=\"elementor-image-box-description\">Dedykowane na pikniki, festyny itp. skierowane dla szerszej publiczno\u015bci. Zaj\u0119cia prowadzone na zasadzie \u201cPodejd\u017a i zr\u00f3b\u201d makramowy drobiazg w 30 min.<\/p><\/div><\/div>\t\t\t\t<\/div>\n\t\t\t\t<\/div>\n\t\t\t\t<\/div>\n\t\t<div class=\"elementor-element elementor-element-97c32d8 e-con-full e-flex e-con e-child\" data-id=\"97c32d8\" data-element_type=\"container\" data-e-type=\"container\">\n\t\t\t\t<div class=\"elementor-element elementor-element-064746f elementor-position-top elementor-widget elementor-widget-image-box\" data-id=\"064746f\" data-element_type=\"widget\" data-e-type=\"widget\" data-widget_type=\"image-box.default\">\n\t\t\t\t<div class=\"elementor-widget-container\">\n\t\t\t\t\t<div class=\"elementor-image-box-wrapper\"><figure class=\"elementor-image-box-img\"><a href=\"https:\/\/martynacraft.com\/index.php\/napisz-do-mnie\/\" tabindex=\"-1\"><img loading=\"lazy\" decoding=\"async\" width=\"768\" height=\"614\" src=\"https:\/\/martynacraft.com\/wp-content\/uploads\/2024\/07\/twoj-pomysl-2-4_5-768x614.jpg\" class=\"attachment-medium_large size-medium_large wp-image-1819\" alt=\"\" srcset=\"https:\/\/martynacraft.com\/wp-content\/uploads\/2024\/07\/twoj-pomysl-2-4_5-768x614.jpg 768w, https:\/\/martynacraft.com\/wp-content\/uploads\/2024\/07\/twoj-pomysl-2-4_5-300x240.jpg 300w, https:\/\/martynacraft.com\/wp-content\/uploads\/2024\/07\/twoj-pomysl-2-4_5-1024x819.jpg 1024w, https:\/\/martynacraft.com\/wp-content\/uploads\/2024\/07\/twoj-pomysl-2-4_5-1536x1229.jpg 1536w, https:\/\/martynacraft.com\/wp-content\/uploads\/2024\/07\/twoj-pomysl-2-4_5-2048x1638.jpg 2048w\" sizes=\"(max-width: 768px) 100vw, 768px\" \/><\/a><\/figure><div class=\"elementor-image-box-content\"><h2 class=\"elementor-image-box-title\"><a href=\"https:\/\/martynacraft.com\/index.php\/napisz-do-mnie\/\">Miejsce na Tw\u00f3j pomys\u0142!<\/a><\/h2><p class=\"elementor-image-box-description\">Je\u015bli masz w\u0142asny pomys\u0142 na warsztat, kt\u00f3rego nie ma w ofercie  skontaktuj si\u0119 ze mn\u0105 bezpo\u015brednio! Przeanalizujemy mo\u017cliwo\u015bci i stworzymy Tw\u00f3j idealny warsztat.<\/p><\/div><\/div>\t\t\t\t<\/div>\n\t\t\t\t<\/div>\n\t\t\t\t<\/div>\n\t\t\t\t\t<\/div>\n\t\t\t\t<\/div>\n\t\t\t\t<\/div>\n\t\t","protected":false},"excerpt":{"rendered":"<p>Wybierz warsztat r\u0119kodzielniczy Warsztaty z Makramy Dedykowane dla grup do 16 os\u00f3b. W trakcie warsztat\u00f3w poznajemy w\u0119z\u0142y oraz tworzymy wybrany projekt. Czas trwania w zale\u017cno\u015bci od projektu 1,5 &#8211; 4&hellip;&nbsp;<a href=\"https:\/\/martynacraft.com\/index.php\/wybierz-warsztat\/\" rel=\"bookmark\">Read More &raquo;<span class=\"screen-reader-text\">Wybierz warsztat<\/span><\/a><\/p>\n","protected":false},"author":1,"featured_media":0,"parent":0,"menu_order":0,"comment_status":"closed","ping_status":"closed","template":"","meta":{"neve_meta_sidebar":"full-width","neve_meta_container":"","neve_meta_enable_content_width":"on","neve_meta_content_width":100,"neve_meta_title_alignment":"","neve_meta_author_avatar":"","neve_post_elements_order":"","neve_meta_disable_header":"","neve_meta_disable_footer":"","neve_meta_disable_title":"on","footnotes":""},"class_list":["post-69","page","type-page","status-publish","hentry"],"_links":{"self":[{"href":"https:\/\/martynacraft.com\/index.php\/wp-json\/wp\/v2\/pages\/69","targetHints":{"allow":["GET"]}}],"collection":[{"href":"https:\/\/martynacraft.com\/index.php\/wp-json\/wp\/v2\/pages"}],"about":[{"href":"https:\/\/martynacraft.com\/index.php\/wp-json\/wp\/v2\/types\/page"}],"author":[{"embeddable":true,"href":"https:\/\/martynacraft.com\/index.php\/wp-json\/wp\/v2\/users\/1"}],"replies":[{"embeddable":true,"href":"https:\/\/martynacraft.com\/index.php\/wp-json\/wp\/v2\/comments?post=69"}],"version-history":[{"count":112,"href":"https:\/\/martynacraft.com\/index.php\/wp-json\/wp\/v2\/pages\/69\/revisions"}],"predecessor-version":[{"id":3938,"href":"https:\/\/martynacraft.com\/index.php\/wp-json\/wp\/v2\/pages\/69\/revisions\/3938"}],"wp:attachment":[{"href":"https:\/\/martynacraft.com\/index.php\/wp-json\/wp\/v2\/media?parent=69"}],"curies":[{"name":"wp","href":"https:\/\/api.w.org\/{rel}","templated":true}]}}